{"id":177,"date":"2025-10-05T04:07:53","date_gmt":"2025-10-05T04:07:53","guid":{"rendered":"https:\/\/www.ting.fr\/?page_id=177"},"modified":"2025-10-05T04:48:20","modified_gmt":"2025-10-05T04:48:20","slug":"sailor-senshi","status":"publish","type":"page","link":"https:\/\/www.ting.fr\/index.php\/sailor-senshi\/","title":{"rendered":"Sailor Senshi"},"content":{"rendered":"\n<div class=\"wp-block-columns is-layout-flex wp-container-core-columns-is-layout-28f84493 wp-block-columns-is-layout-flex\">\n<div class=\"wp-block-column is-layout-flow wp-block-column-is-layout-flow\" style=\"flex-basis:100%\"><figure class=\"wp-block-post-featured-image\"><img fetchpriority=\"high\" decoding=\"async\" width=\"731\" height=\"800\" src=\"https:\/\/www.ting.fr\/wp-content\/uploads\/2025\/10\/senshi-profile-01.png\" class=\"attachment-post-thumbnail size-post-thumbnail wp-post-image\" alt=\"\" style=\"object-fit:cover;\" srcset=\"https:\/\/www.ting.fr\/wp-content\/uploads\/2025\/10\/senshi-profile-01.png 731w, https:\/\/www.ting.fr\/wp-content\/uploads\/2025\/10\/senshi-profile-01-274x300.png 274w\" sizes=\"(max-width: 731px) 100vw, 731px\" \/><\/figure>\n\n\n<div class=\"wp-block-columns is-layout-flex wp-container-core-columns-is-layout-28f84493 wp-block-columns-is-layout-flex\">\n<div class=\"wp-block-column is-layout-flow wp-block-column-is-layout-flow\">\n<figure class=\"wp-block-image size-full\"><img decoding=\"async\" width=\"731\" height=\"800\" src=\"https:\/\/www.ting.fr\/wp-content\/uploads\/2025\/10\/senshi-profile-08-1.png\" alt=\"\" class=\"wp-image-188\" srcset=\"https:\/\/www.ting.fr\/wp-content\/uploads\/2025\/10\/senshi-profile-08-1.png 731w, https:\/\/www.ting.fr\/wp-content\/uploads\/2025\/10\/senshi-profile-08-1-274x300.png 274w\" sizes=\"(max-width: 731px) 100vw, 731px\" \/><\/figure>\n<\/div>\n\n\n\n<div class=\"wp-block-column is-layout-flow wp-block-column-is-layout-flow\">\n<p class=\"has-text-align-left\">Neptune Michiru \/ Neptune marin<\/p>\n\n\n\n<p class=\"has-text-align-left\">Anniversaire : 6 mars<\/p>\n\n\n\n<p class=\"has-text-align-left\">Signe du zodiaque : Poissons<\/p>\n\n\n\n<p class=\"has-text-align-left\">Groupe sanguin : O<\/p>\n\n\n\n<p class=\"has-text-align-left\">Couleur pr\u00e9f\u00e9r\u00e9e : Bleu marine<\/p>\n\n\n\n<p class=\"has-text-align-left\">Loisirs : Collection de cosm\u00e9tiques<\/p>\n\n\n\n<p class=\"has-text-align-left\">Plat pr\u00e9f\u00e9r\u00e9&nbsp;: Sashimi<\/p>\n\n\n\n<p class=\"has-text-align-left\">N&#8217;aime pas : Champignons \u00e0 oreilles de bois<\/p>\n\n\n\n<p class=\"has-text-align-left\">R\u00eave : Violoniste<\/p>\n\n\n\n<p class=\"has-text-align-left\">Plan\u00e8te gardienne : Neptune<\/p>\n<\/div>\n<\/div>\n<\/div>\n<\/div>\n\n\n\n<p>Sailor Moon : Usagi Tsukino (\u6708\u91ce \u3046\u3055\u304e)Sailor Mercury : Ami Mizuno (\u6c34\u91ce \u4e9c\u7f8e)Sailor Mars : Rei Hino (\u706b\u91ce \u30ec\u30a4)Sailor Jupiter : Makoto Kino (\u6728\u91ce \u307e\u3053\u3068)Sailor Venus : Minako Aino (\u611b\u91ce \u7f8e\u5948\u5b50)Sailor Uranus : Haruka Tenou (\u5929\u738b \u306f\u308b\u304b)Sailor Neptune : Michiru Kaiou (\u6d77\u738b \u307f\u3061\u308b)Sailor Pluto : Setsuna Meiou (\u51a5\u738b \u305b\u3064\u306a)Sailor Saturn : Hotaru Tomoe (\u571f\u8420 \u307b\u305f\u308b)Sailor Chibi Moon : Chibiusa Tsukino (\u3061\u3073\u3046\u3055, parfois \u00e9crit Small Lady Serenity)<\/p>\n\n\n\n<p>Sailor Moon : Usagi Tsukino (\u6708\u91ce \u3046\u3055\u304e)<\/p>\n\n\n\n<div class=\"wp-block-columns is-layout-flex wp-container-core-columns-is-layout-28f84493 wp-block-columns-is-layout-flex\">\n<div class=\"wp-block-column is-layout-flow wp-block-column-is-layout-flow\" style=\"flex-basis:66.66%\">\n<figure class=\"wp-block-image size-full\"><img decoding=\"async\" width=\"731\" height=\"800\" src=\"https:\/\/www.ting.fr\/wp-content\/uploads\/2025\/10\/senshi-profile-01.png\" alt=\"\" class=\"wp-image-178\" srcset=\"https:\/\/www.ting.fr\/wp-content\/uploads\/2025\/10\/senshi-profile-01.png 731w, https:\/\/www.ting.fr\/wp-content\/uploads\/2025\/10\/senshi-profile-01-274x300.png 274w\" sizes=\"(max-width: 731px) 100vw, 731px\" \/><\/figure>\n<\/div>\n\n\n\n<div class=\"wp-block-column is-layout-flow wp-block-column-is-layout-flow\" style=\"flex-basis:33.33%\">\n<details class=\"wp-block-details is-layout-flow wp-block-details-is-layout-flow\"><summary>Sailor Moon : Usagi Tsukino (\u6708\u91ce \u3046\u3055\u304e)<\/summary>\n<p>Anniversaire: 30\u00a0juin<br>Signe du zodiaque: Kaiza<br>Groupe sanguin 0<br>\u00c9cole: Coll\u00e8ge et Lyc\u00e9e Juban<br>Couleur pr\u00e9f\u00e9r\u00e9e: Blanc<br>Loisirs: Jeux, dormir, manger des g\u00e2teaux<br>Plat pr\u00e9f\u00e9r\u00e9\u00a0: Glaces<br>Aversions: Dentistes, fant\u00f4mes<br>R\u00eaves: Mari\u00e9e<br>Personne pr\u00e9f\u00e9r\u00e9e: Mamoru Chiba<br>Plan\u00e8te gardienne: Lune<\/p>\n<\/details>\n<\/div>\n<\/div>\n\n\n\n<p>Sailor Mercury (Ami Mizuno) : Vierge (\u4e59\u5973\u5ea7, Otomeza, 10 septembre) \u2013 Analytique, intelligente, m\u00e9thodique.<\/p>\n\n\n\n<p>Sailor Mars (Rei Hino) : B\u00e9lier (\u7261\u7f8a\u5ea7, Ohitsujiza, 17 avril) \u2013 Passionn\u00e9e, d\u00e9termin\u00e9e, impulsive.<\/p>\n\n\n\n<p>Sailor Jupiter (Makoto Kino) : Sagittaire (\u5c04\u624b\u5ea7, Iteza, 5 d\u00e9cembre) \u2013 Aventuri\u00e8re, forte, chaleureuse.<\/p>\n\n\n\n<p>Sailor Venus (Minako Aino) : Balance (\u5929\u79e4\u5ea7, Tenbinza, 22 octobre) \u2013 Charmante, romantique, sociable.<\/p>\n\n\n\n<p>Sailor Uranus (Haruka Tenou) : Verseau (\u6c34\u74f6\u5ea7, Mizugameza, 27 janvier) \u2013 Ind\u00e9pendante, audacieuse, visionnaire.<\/p>\n\n\n\n<p>Sailor Neptune (Michiru Kaiou) : Poissons (\u9b5a\u5ea7, Uozaza, 6 mars) \u2013 Intuitive, artistique, sensible.<\/p>\n\n\n\n<p>Sailor Pluto (Setsuna Meiou) : Scorpion (\u880d\u5ea7, Sasoriza, 29 octobre) \u2013 Myst\u00e9rieuse, loyale, profonde.<\/p>\n\n\n\n<p>Sailor Saturn (Hotaru Tomoe) : Capricorne (\u5c71\u7f8a\u5ea7, Yagiza, 6 janvier) \u2013 R\u00e9serv\u00e9e, s\u00e9rieuse, puissante.<\/p>\n\n\n\n<p>Sailor Chibi Moon (Chibiusa) : Cancer (\u87f9\u5ea7, Kaniza, 30 juin) \u2013 Comme Usagi, elle partage ce signe, refl\u00e9tant leur lien m\u00e8re-fille.<\/p>\n","protected":false},"excerpt":{"rendered":"<p>Neptune Michiru \/ Neptune marin Anniversaire : 6 mars Signe du zodiaque : Poissons Groupe sanguin : O Couleur pr\u00e9f\u00e9r\u00e9e : Bleu marine Loisirs : Collection de cosm\u00e9tiques Plat pr\u00e9f\u00e9r\u00e9&nbsp;: Sashimi N&#8217;aime pas : Champignons \u00e0 oreilles de bois R\u00eave : Violoniste Plan\u00e8te gardienne : Neptune Sailor Moon : Usagi Tsukino (\u6708\u91ce \u3046\u3055\u304e)Sailor Mercury : [&hellip;]<\/p>\n","protected":false},"author":1,"featured_media":178,"parent":0,"menu_order":0,"comment_status":"closed","ping_status":"closed","template":"","meta":{"_themeisle_gutenberg_block_has_review":false,"_kadence_starter_templates_imported_post":false,"footnotes":""},"class_list":["post-177","page","type-page","status-publish","has-post-thumbnail","hentry"],"_links":{"self":[{"href":"https:\/\/www.ting.fr\/index.php\/wp-json\/wp\/v2\/pages\/177","targetHints":{"allow":["GET"]}}],"collection":[{"href":"https:\/\/www.ting.fr\/index.php\/wp-json\/wp\/v2\/pages"}],"about":[{"href":"https:\/\/www.ting.fr\/index.php\/wp-json\/wp\/v2\/types\/page"}],"author":[{"embeddable":true,"href":"https:\/\/www.ting.fr\/index.php\/wp-json\/wp\/v2\/users\/1"}],"replies":[{"embeddable":true,"href":"https:\/\/www.ting.fr\/index.php\/wp-json\/wp\/v2\/comments?post=177"}],"version-history":[{"count":3,"href":"https:\/\/www.ting.fr\/index.php\/wp-json\/wp\/v2\/pages\/177\/revisions"}],"predecessor-version":[{"id":193,"href":"https:\/\/www.ting.fr\/index.php\/wp-json\/wp\/v2\/pages\/177\/revisions\/193"}],"wp:featuredmedia":[{"embeddable":true,"href":"https:\/\/www.ting.fr\/index.php\/wp-json\/wp\/v2\/media\/178"}],"wp:attachment":[{"href":"https:\/\/www.ting.fr\/index.php\/wp-json\/wp\/v2\/media?parent=177"}],"curies":[{"name":"wp","href":"https:\/\/api.w.org\/{rel}","templated":true}]}}